(15 - 15).
1
What is the value of (10 + -6 - 5) + -1?
-2
What is the value of -2 - (5 - (-2 - -8))?
-1
What is -3 + (1 + 0 + -4 - -1)?
-5
Calculate -15 - (4 + 4 + -8) - -4.
-11
(-1 - (-6 + 2) - 15) + 7
-5
Calculate -33 + 23 - (-3 + 0).
-7
What is 4 - 5 - (-4 - (2 + 0))?
5
(0 - (5 + -7)) + (-6 - -1)
-3
-1 - (-10 - (8 - 17))
0
What is the value of 2 - (-1 - (0 + 0))?
3
What is -2 + 5 + -1 + (-3 - 4)?
-5
What is (0 + -2 - -2) + (-14 - -11)?
-3
What is the value of 2 - 2 - (2 + -7 + 1)?
4
Evaluate -2 - 1 - -2 - 3.
-4
Evaluate (-1 - -13) + 8 + -14.
6
What is (1 - -2) + (5 - 16)?
-8
What is the value of -7 + 2 + (4 - 0)?
-1
What is the value of -2 + 0 + 5 + 3 - -3?
9
Evaluate -4 + 0 + (4 - 7) + 2.
-5
What is 0 - (-3 - 3 - -4)?
2
2 + -1 - 1 - -2
2
Calculate -3 + 3 + 3 + -6.
-3
What is the value of 10 + (5 - (7 + 3))?
5
What is -1 + 8 + -2 + -4?
1
What is the value of 4 + 5 + -3 + 1 + -3?
4
-4 - 2 - (-4 - 0)
-2
What is -1 + 5 + 1 + 0 + -1?
4
Evaluate (-2 - (-5 - -3)) + 0 - -5.
5
What is 5 + -4 - (6 + -3 + -6)?
4
What is the value of 5 + (2 - 3 - 4) + -4?
-4
Calculate 5 - (1 + -6 + 5).
5
Calculate -11 + -1 + 7 - (-2 - 0).
-3
-1 - -1 - (0 + -3) - -1
4
Evaluate 1 + -8 + 1 + -3.
-9
What is the value of -4 - (2 + 3 + -8) - -5?
4
Evaluate 9 - (-1 + (-6 - -7 - -6)).
3
What is the value of (-1 - 4) + 0 - 4?
-9
What is -10 + 2 - (-2 - -5 - 5)?
-6
Evaluate 3 + (-22 - -9) + 4.
-6
What is the value of 0 + 2 + 4 + -4 + 2?
4
-12 + 6 + 2 + 5 - -4
5
What is -1 + -11 + (12 - 6)?
-6
What is 3 + -5 + -1 + -1 + 0?
-4
What is -13 - (-4 + 8 + -12)?
-5
What is the value of (-3 + 0 - -2) + -2 - -3?
0
Evaluate -3 + (5 - (4 - 0)) - 2.
-4
Evaluate 2 + (-5 - -7) - 6.
-2
(6 - 6 - -3) + -6 + 6
3
Evaluate (4 - -1) + (5 - 11).
-1
What is the value of 5 - (-4 + 1 - (-2 + -6))?
0
(-3 - 7 - -5) + 8 - -2
5
Evaluate (7 - 1 - 0) + 1 - 13.
-6
Calculate (-9 - -4 - -11) + -7.
-1
Evaluate 1 + -2 + -1 - (-44 - -48).
-6
-9 - (0 - (-3 - -8)) - -3
-1
(-1 - 2 - -6) + -4 + 1
0
What is the value of (9 - 6) + 2 - 5?
0
What is the value of -4 - 0 - (7 + -6)?
-5
1 + -1 + -1 + -1 + 0
-2
Evaluate 5 + (7 + -5 + 1 - 3).
5
What is 8 + -3 + -2 + 2?
5
1 - (21 + -15 - (11 + 2))
8
-5 + 7 + 2 + -2 + 1
3
What is 6 + -3 + -1 + 2?
4
Evaluate (-3 - 3) + 3 + 5 - 1.
1
-10 + (12 - 9) + 2
-5
-4 + -1 + -1 + 3 + 8
5
Evaluate (-3 - 5 - -8) + 5 + 1.
6
Evaluate (8 - (0 + 2)) + -11 + 6.
1
Calculate (1 - 8) + 4 + 5 + 2.
4
What is 9 - 22 - (-5 + -4)?
-4
Evaluate 2 + -3 + (-10 + 6 - -1).
-4
What is 19 + -13 - (-1 - 0)?
7
(-13 - -8) + (0 - (-2 - -1))
-4
What is the value of (2 - 7) + (8 - 0)?
3
What is the value of 2 + 0 + -3 + -2?
-3
What is the value of -38 + 44 - (-1 + 3)?
4
What is the value of -4 + 0 + 3 + 0 + -3?
-4
Calculate -5 - (-10 + 8 - -1).
-4
Evaluate 8 - (-3 + (1 - -11)).
-1
Evaluate 1 - (1 + -4) - (-15 - -16).
3
What is (-2 + -7 - -3) + -3 + 5?
-4
What is the value of (11 - 0) + 1 + -17?
-5
Calculate 8 + -4 + -4 + 0 - 7.
-7
19 + -26 + 11 + 1
5
What is -22 + 18 + -4 + 0 + 1?
-7
Evaluate 6 - (2 + -8 - (-5 + -2)).
5
What is the value of (-22 + 13 - -5) + 0 + 4?
0
What is the value of -1 - (4 - (4 - (6 + -5)))?
-2
What is -2 - -9 - (-2 + 6)?
3
Evaluate -3 - (11 + -7 - (9 + -2)).
0
7 + 0 + -5 - (4 - 1)
-1
-5 + (-7 + (1 - -4) - -2)
-5
What is the value of (1 + -5 - (8 - 8)) + -1?
-5
Evaluate 6 - (-6 + 3 - -8).
1
Calculate (-6 - -14) + (2 - 6 - -6).
10
What is the value of 0 - (-8 - (1 - 6))?
3
What is -14 + 15 + (5 - 1)?
5
Evaluate 22 - (6 - -4) - 10.
2
(-1 + 2 - (-3 - -3)) + 3
4
1 - (-3 - (4 - (-4 + 14)))
-2
Calculate 2 - (2 - (-1 - -5 - 1)).
3
What is -1 + -5 - (13 + (-20 - 3))?
4
Evaluate 3 + -3 + -3 + -1.
-4
1 + (-1 - -4) - 2
2
(3 - 2) + -6 - 0
-5
What is 0 + (10 - 0 - (43 - 38))?
5
What is the value of 3 - 1 - (-11 - -16)?
-3
Evaluate -2 - (8 + -3 + -4).
-3
Evaluate -3 + 2 + 6 + -8.
-3
0 + -1 - (-39 - -39)
-1
12 - ((-5 - -9 - -2) + -1)
7
What is the value of -2 + 7 + -9 + -1 + 9?
4
Evaluate 10 + -10 - (1 + -5) - -1.
5
Calculate (-4 + 2 - 3) + 0 + 0.
-5
Evaluate -26 - (10 + -13) - -15.
-8
What is the value of (1 - -3) + -5 + -4?
-5
Calculate 1 + -4 + (0 - 1) + 0.
-4
Calculate (-4 - (7 + -4)) + 1.
-6
What is the value of -5 - (4 + -8 + 4)?
-5
(0 - -14) + 1 + (-11 - -4)
8
Evaluate -8 - -11 - (7 - 1) - -7.
4
What is -37 + 21 + 11 + -3?
-8
Evaluate -9 + (3 - 0) - -10.
4
Evaluate 4 - (-1 + 5) - -4.
4
-2 - (-7 + 13 + -4)
-4
What is -4 + (8 - 1) + -5 + 2?
0
5 - (22 - 9) - -6
-2
-19 - (-4 + 1) - -10
-6
What is (5 - 3) + (-2 + 2 - -2)?
4
What is the value of (8 - 1 - (-19 + 16)) + -2?
8
-7 + (-1 - -13) - 6
-1
What is the value of -3 + -1 - (-115 + 116)?
-5
5 + 3 + -4 + (3 - 2)
5
Calculate -1 - -4 - (5 + (-3 - -3)).
-2
(0 - (-2 + 5)) + 1
-2
-1 + (2 + 2 - 5) + 5
3
-3 + (5 + (1 - 2) - 0)
1
What is the value of 0 + (-17 - -17) - (0 + -7)?
7
11 + -8 - 7 - 0
-4
What is the value of 3 + -1 + -4 + 3?
1
Evaluate -5 - (-3 + 9) - -17.
6
1 - (-2 - -2 - 2)
3
What is the value of (32 - 33) + (-1 - (-1 - 3))?
2
What is the value of (4 - -1) + -7 + 5?
3
What is 4 + -1 + 0 - 0?
3
Calculate 1 - 3 - (0 - 2).
0
17 - (0 - (-17 - -6 - -4))
10
24 - 27 - (2 - (2 - -3))
0
What is -3 + -1 + 3 - -3?
2
What is -2 - (-3 - (5 + -5 + 6))?
7
Calculate 2 + -20 + 5 + 7.
-6
What is the value of -7 - (-2 + -4 + -11 - -5)?
5
(1 + 2 - 0) + -9
-6
-11 - -5 - -8 - (1 - 0)
1
What is 6 + 4 + -7 + 0?
3
What is the value of (-1 - (-4 + 9)) + 3 - -8?
5
What is -1 + (-3 - (4 - 4 - 5))?
1
Calculate -1 + 4 - ((16 - 7) + 0).
-6
Evaluate 0 - -2 - (1 - (3 - 2)).
2
What is the value of (-11 - -4) + (1 + -1 - -2)?
-5
(1 - -5) + (-2 - 7)
-3
0 - (-5 - (1 - -3))
9
What is the value of -1 + -2 + (12 - 4)?
5
What is (15 - 10) + -5 + 0?
0
Calculate (3 - -3) + -3 + (-3 - -4).
4
What is the value of 11 + -2 + 5 + (-6 - 0)?
8
What is 5 + -1 - (-5 + (-4 - -8))?
5
What is 0 + -2 + (0 - -2) + 2?
2
4 - 5 - (2 + -1)
-2
Calculate -7 + (9 - 2 - 6) + 6.
0
What is 5 + -4 + 1 - 2?
0
34 + -35 - (-2 + -4)
5
What is the value of 1 + (1 - (1 - -5))?
-4
15 - (9 + -4 - -5)
5
What is the value of (8 - 3) + (-2 - -9 - 13)?
-1
13 + -12 + -10 - -1
-8
What is the value of (-9 - (-10 - -5)) + 4?
0
Calculate 5 + -6 - (10 + -17 + 1).
5
Evaluate 1 - 10 - -11 - -7.
9
2 + (1 - 3) + -2
-2
What is -3 + -8 + 6 - -4?
-1
(4 + -13 - (-2 - 3)) + 2
-2
What is 1 + 4 - (11 - 11)?
5
What is -6 - (23 + -11 - 12)?
-6
Evaluate -3 + -2 + 14 - (0 - -2).
7
What is 69 - 66 - (0 - 3)?
6
Calculate -6 - (-13 + (0 - (-3 - 3))).
1
Calculate 0 - 0 - (9 + -3 + -5).
-1
Evaluate -9 + 6 + 8 + -4.
1
6 - (-7 + 5) - 2
6
Evaluate -5 - -5 - 2 - (4 - 1).
-5
Calculate 3 - -1 - (-6 + 6).
4
What is (9 - 5) + 1 - 6?
-1
(-1 - 3) + 4 + -2 + 0
-2
Evaluate -1 - -5 - (-2 - -1).
5
What is 3 + (3 - 6) + -9 + 6?
-3
What is -3 - (-1 - (-1 + 4))?
1
Evaluate 2 - (-6 - (-1 + -4)).
3
Evaluate -3 - (3 + -10) - 11.
-7
Evaluate -13 - (-9 + -6 + 7).
-5
Calculate (0 - -4) + 2 + -15 + 4.
-5
What is -2 + 6 + (5 - 4)?
5
Calculate -3 + (3 - (0 + -7 + 4)).
3
What is -22 - -16 - (-6 + 1)?
-1
-3 - (-5 - (-9 - -4))
-3
Evaluate (-1 + -7 - -11) + 3.
6
What is 0 - (1 - (1 + 1))?
1
What is 10 - ((4 - -18) + -7)?
-5
What is the value of -6 + (3 - -1) - 3 - -4?
-1
What is the value of -3 + -17 + 25 + 0 + -15?
-10
What is the value of 2 - (1 + 4) - (68 - 66)?
-5
What is the value of -3 + -16 + 8 + 13?
2
What is 8 - (7 - 8 - (-10 - -3))?
2
Evaluate -24 - -17 - (-2 - 4).
-1
What is (0 - 3) + (-22 - -16) - -3?
-6
What is the value of 0 - (4 - (7 + -3))?
0
0 + (1 - (-3 + 5) - 1)
-2
Evaluate 2 - (-3 - -8 - 0).
-3
Calculate (-5 - -2) + 2 + 0 + 5.
4
Evaluate -6 - (-1 + -16) - (5 + 0).
6
(-10 - -10) + (-2 - 1)
-3
What is -9 + (-16 - -8 - -16)?
-1
Calculate -10 - (9 + 3 - 20).
-2
What is the value of (27 - 19) + (-19 - -1)?
-10
What is -3 - (-4 - -2) - -1?
0
Calculate 5 + -1 - (8 - (10 + -2)).
4
Evaluate (-5 - -4) + 1 + 0 + -1.
-1
What is the value of (2 - -6) + -3 + -2?
3
0 + -2 + (1 - 1)
-2
Calculate 5 + -7 + 2 - (1 - 4).
3
15 + -21 + 4 + -3 - -5
0
2 - 3 - (-5 - -4)
0
What is the value of 4 + 0 + 1 + (2 - 6)?
1
Calculate -3 - -1 - (-1 + -1) - 4.
-4
Evaluate 7 - (15 - (4 - -8)).
4
Evaluate -11 + (1 - 0 - 0) + 3.
-7
Evaluate 0 + -6 - (-1 + -5 + 5).
-5
3 - 4 - (6 - 7 - -3)
-3
Evaluate -4 + (-1 - -10) - (0 + 9).
-4
What is the value of -7 - (1 - 9) - 3?
-2
What is 0 - ((1 - 2) + -3)?
4
Cal